it of 596530765?
9
What is the millions digit of 701975535?
1
What is the units digit of 250364745?
5
What is the hundreds digit of 911950299?
2
What is the hundred thousands digit of 200152351?
1
What is the ten millions digit of 35770188?
3
What is the units digit of 102997664?
4
What is the ten millions digit of 60139057?
6
What is the ten millions digit of 337348242?
3
What is the hundred thousands digit of 50747337?
7
What is the thousands digit of 1958005610?
5
What is the millions digit of 1540626790?
0
What is the millions digit of 246187397?
6
What is the ten millions digit of 2200384406?
0
What is the hundred millions digit of 147832062?
1
What is the millions digit of 23616724?
3
What is the tens digit of 29357527?
2
What is the ten thousands digit of 2031058636?
5
What is the millions digit of 290640379?
0
What is the ten thousands digit of 1306820784?
2
What is the thousands digit of 562788347?
8
What is the hundred millions digit of 3697688550?
6
What is the thousands digit of 145803887?
3
What is the hundred millions digit of 1070086011?
0
What is the ten millions digit of 1916984546?
1
What is the units digit of 17431587?
7
What is the thousands digit of 133208412?
8
What is the ten thousands digit of 2295018793?
1
What is the hundreds digit of 2250068574?
5
What is the millions digit of 410754587?
0
What is the hundreds digit of 6781356?
3
What is the units digit of 176373037?
7
What is the thousands digit of 77409284?
9
What is the hundred thousands digit of 59079667?
0
What is the hundred thousands digit of 441935045?
9
What is the millions digit of 695547635?
5
What is the ten millions digit of 356503680?
5
What is the hundred thousands digit of 5366349?
3
What is the hundreds digit of 139941810?
8
What is the ten millions digit of 1706095165?
0
What is the hundred thousands digit of 36246634?
2
What is the millions digit of 51074922?
1
What is the units digit of 53490503?
3
What is the ten thousands digit of 260675517?
7
What is the ten thousands digit of 264097028?
9
What is the hundred millions digit of 501956489?
5
What is the hundred thousands digit of 2347044152?
0
What is the ten millions digit of 461635716?
6
What is the hundreds digit of 134902163?
1
What is the billions digit of 7923992935?
7
What is the tens digit of 138803170?
7
What is the millions digit of 34262489?
4
What is the hundred thousands digit of 72318493?
3
What is the units digit of 5161421929?
9
What is the hundreds digit of 33807296?
2
What is the thousands digit of 462090244?
0
What is the hundred thousands digit of 244698257?
6
What is the ten millions digit of 1850319791?
5
What is the hundred thousands digit of 4923279943?
2
What is the hundreds digit of 2465158868?
8
What is the units digit of 87673181?
1
What is the hundreds digit of 3612488672?
6
What is the ten thousands digit of 1416238450?
3
What is the ten thousands digit of 8262923949?
2
What is the hundred thousands digit of 1031147913?
1
What is the millions digit of 19558882?
9
What is the ten thousands digit of 3168381732?
8
What is the tens digit of 7800999045?
4
What is the hundred thousands digit of 985092098?
0
What is the hundreds digit of 22284050?
0
What is the thousands digit of 1175503846?
3
What is the hundred thousands digit of 2352252200?
2
What is the hundreds digit of 679938296?
2
What is the ten thousands digit of 3088925123?
2
What is the tens digit of 416770149?
4
What is the hundreds digit of 1860305092?
0
What is the hundred millions digit of 2548785146?
5
What is the millions digit of 59597699?
9
What is the millions digit of 18262738?
8
What is the ten millions digit of 163197299?
6
What is the hundreds digit of 2145281542?
5
What is the units digit of 24320066?
6
What is the units digit of 191205789?
9
What is the thousands digit of 333727917?
7
What is the units digit of 469850319?
9
What is the thousands digit of 129440804?
0
What is the hundred thousands digit of 35992282?
9
What is the hundred millions digit of 747490111?
7
What is the tens digit of 74895949?
4
What is the tens digit of 485387384?
8
What is the ten thousands digit of 5609276990?
7
What is the millions digit of 4216251?
4
What is the tens digit of 52071727?
2
What is the units digit of 46347486?
6
What is the hundred millions digit of 226065850?
2
What is the millions digit of 29346077?
9
What is the ten thousands digit of 22811090?
1
What is the thousands digit of 37789448?
9
What is the ten millions digit of 2004705395?
0
What is the ten millions digit of 69478881?
6
What is the millions digit of 47635994?
7
What is the thousands digit of 501367024?
7
What is the hundred millions digit of 5673353209?
6
What is the tens digit of 1020754317?
1
What is the units digit of 7249644327?
7
What is the tens digit of 358186137?
3
What is the units digit of 115411154?
4
What is the ten millions digit of 20167938?
2
What is the ten millions digit of 3998430884?
9
What is the ten thousands digit of 1738015?
3
What is the tens digit of 380221544?
4
What is the hundred millions digit of 1367002468?
3
What is the units digit of 42533896?
6
What is the ten thousands digit of 598658211?
5
What is the tens digit of 142478556?
5
What is the ten thousands digit of 153462277?
6
What is the ten millions digit of 234376878?
3
What is the hundred millions digit of 870016990?
8
What is the units digit of 88319899?
9
What is the thousands digit of 7682591893?
1
What is the tens digit of 4241123?
2
What is the hundreds digit of 28359034?
0
What is the thousands digit of 25410295?
0
What is the hundred thousands digit of 52592608?
5
What is the hundred thousands digit of 279145487?
1
What is the ten thousands digit of 26260595?
6
What is the thousands digit of 5566582?
6
What is the tens digit of 36760087?
8
What is the hundred millions digit of 1518763905?
5
What is the millions digit of 99351804?
9
What is the hundred thousands digit of 1243052003?
0
What is the tens digit of 1293701456?
5
What is the ten thousands digit of 3194087067?
8
What is the thousands digit of 4115935124?
5
What is the ten millions digit of 4932282649?
3
What is the hundreds digit of 6812972599?
5
What is the hundred thousands digit of 45489453?
4
What is the ten millions digit of 83098346?
8
What is the hundred thousands digit of 131836024?
8
What is the units digit of 13071632?
2
What is the hundred millions digit of 149171335?
1
What is the ten thousands digit of 45382975?
8
What is the millions digit of 21694667?
1
What is the ten millions digit of 29013579?
2
What is the thousands digit of 897652715?
2
What is the ten thousands digit of 3165699418?
9
What is the hundred thousands digit of 43792081?
7
What is the ten millions digit of 1975655330?
7
What is the ten millions digit of 146332807?
4
What is the hundred thousands digit of 10238423?
2
What is the hundred thousands digit of 612337319?
3
What is the units digit of 243087528?
8
What is the ten millions digit of 541613446?
4
What is the ten millions digit of 120842192?
2
What is the hundreds digit of 17885684?
6
What is the hundred thousands digit of 19538369?
5
What is the ten thousands digit of 1233146280?
4
What is the ten thousands digit of 153013140?
1
What is the tens digit of 352439092?
9
What is the units digit of 33631953?
3
What is the ten thousands digit of 6727752044?
5
What is the thousands digit of 1035197123?
7
What is the hundred thousands digit of 473326365?
3
What is the ten thousands digit of 6906066744?
6
What is the hundreds digit of 235769484?
4
What is the units digit of 2438535760?
0
What is the hundred millions digit of 1805509184?
8
What is the units digit of 7106455?
5
What is the units digit of 496489178?
8
What is the ten thousands digit of 215991224?
9
What is the tens digit of 419463909?
0
What is the units digit of 12660096?
6
What is the billions digit of 1056028084?
1
What is the thousands digit of 67256212?
6
What is the units digit of 59402141?
1
What is the hundred thousands digit of 50158090?
1
What is the ten millions digit of 482163080?
8
What is the hundreds digit of 1060706851?
8
What is the ten millions digit of 1093324565?
9
What is the billions digit of 1666366573?
1
What is the hundred thousands digit of 151165401?
1
What is the 